/(-176). Let t(h) = 50*h**2 + h. What are the prime factors of t(s)?
7
Let q(h) = 11*h**2 + 7*h - 3. What are the prime factors of q(3)?
3, 13
Let s(v) = v**3 + 7*v**2 - 3*v - 2. Let t be s(-4). Suppose 4*o - 38 = t. List the prime factors of o.
2, 3
Suppose -2*l - 8 = 6. Let j(m) = -m**3 - 7*m**2 - 2*m - 5. Let o be j(l). Suppose 0 = -5*z + 4*i + 92, -3 = 4*i + o. List the prime factors of z.
2
Suppose 0 = -12*d + 44 + 1564. List the prime factors of d.
2, 67
Suppose -5*u = 3*g - 34, -2*g - 5*u + 16 = -5*g. Suppose -4*f + 5*d + 21 = g, 2*f - 5*d = 14. List the prime factors of f.
2
Let w be 2/(-4) - (-14)/(-4). Let u be (-135)/18*w/(-6). Let i(d) = d**3 + 7*d**2 + 6*d + 2. What are the prime factors of i(u)?
2, 11
Let q(h) = -h**2 + h. Suppose -17 = 3*z - 8. Let u(j) = 2*j**2 - 4. Let w(b) = z*q(b) - u(b). What are the prime factors of w(5)?
2, 7
Suppose -9 = 5*f + 5*u - 34, 0 = -f + 2*u - 4. Let k(o) = o**2 + 6*o - 5. Let b be k(-11). Suppose f*n = b - 12. List the prime factors of n.
19
Suppose 2*a = 42 + 12. List the prime factors of a.
3
Let q be 4/18 - (-12)/(-54). Suppose 2*b - 6 = -q*b. List the prime factors of (-15)/(-2)*2/b.
5
Let r(j) = 35*j - 38. What are the prime factors of r(5)?
137
Suppose 4*i - 56 = -4*n, -4*i + 44 = -3*n + 4*n. List the prime factors of i.
2, 5
Let m = -32 - -97. List the prime factors of m.
5, 13
Suppose 4*t - 20 = -5*l, -4*t + t + 3*l = -15. Suppose 0 = 2*j - t*d - 14, 21 = j + 2*j + d. List the prime factors of j.
7
Let t be 0/(-2) + (-3 - -3). Suppose -5*l - 142 + 369 = 4*n, -5*l = 3*n - 174. Suppose 2*w - 8 = -4*f, -5*w + f = -t*f - n. List the prime factors of w.
2, 5
Let k(t) = t**3 - 2*t**2 + t + 4. Let a be (-10)/(-1) - (-2)/(-2). Let r = a - 6. List the prime factors of k(r).
2
Suppose -z + 32 = -f, 0*z = -z + 2*f + 28. What are the prime factors of z?
2, 3
Let d(n) = -n**3 - 7*n**2 - n + 4. Let m(f) = -f**3 - 6*f**2 - 2*f + 3. Let l(c) = -2*d(c) + 3*m(c). List the prime factors of l(-4).
17
Suppose -4*j = 2*b + 28 - 698, 0 = -2*j + 3*b + 323. What are the prime factors of j?
2, 83
Let t = 3 + -3. Suppose -2*n = -t*n - 4. Suppose -5*p = 2*w + 2*w - 91, n*p - 18 = 3*w. What are the prime factors of p?
3, 5
Let b(q) = q**2 - 6*q - 9. Let d be b(8). Suppose 140 = 4*r - 4*s, r + 3*s = d*s + 47. List the prime factors of r.
31
What are the prime factors of 195*(-6)/(-4) - (-15)/(-10)?
3, 97
Suppose -2*r = 4, 2 = 3*f - 2*r + 4*r. Let g be (-96)/(-54) + f/9. What are the prime factors of 4/g + (14 - 1)?
3, 5
Suppose 2*s + 2 = 0, -2*r + 3*r = -4*s - 4. Suppose -4*z + 14 + 6 = r. Suppose 0*g = 3*g + 5*t - 32, -z*g + t = -44. List the prime factors of g.
3
Suppose -2 + 17 = 5*l. Let t(g) = -g + 3. Let m be t(l). Suppose -n = -2 - m. List the prime factors of n.
2
Suppose -307 = -8*g - 91. What are the prime factors of g?
3
Let v(q) = -3*q - 5*q - q**3 - 4 - q - 8*q**2. Let p = 4 + -11. What are the prime factors of v(p)?
2, 5
Let i = 11 - 22. Let z(y) = -3*y + 16. List the prime factors of z(i).
7
List the prime factors of (-10)/3*(-210)/20.
5, 7
Let u = 19 + -5. What are the prime factors of u?
2, 7
What are the prime factors of 166/6 - 16/24?
3
List the prime factors of (-48)/20*310/(-3).
2, 31
Let h = 26 - 21. Let l(w) = 12*w - 13. List the prime factors of l(h).
47
Suppose -4*m + 20 = -0*m. Let p(c) = c - 2 - 3*c + m*c. List the prime factors of p(3).
7
Let k(a) = -a + 5. Let n be k(0). Suppose c - n*c - 20 = 0. Let z = 1 - c. What are the prime factors of z?
2, 3
Let t(i) = 6*i**2 - i + 5. List the prime factors of t(3).
2, 7
Suppose -p + 21 = 1. Suppose 0*d - 23 = y - 5*d, 4*d - p = y. List the prime factors of y/(-12) - (-62)/6.
11
Let j = 5 + -9. Let s(w) = 3*w**2 - 2*w. Let b be s(j). Suppose 0*q - 3*q + 66 = 5*y, b = 5*y - 2*q. List the prime factors of y.
2, 3
Let b = 7 + -5. Suppose 4*d - 64 = x, -7*d - x + 89 = -b*d. What are the prime factors of d?
17
Let n be 4/(16/12)*1. Suppose 0 = n*b + 10 - 91. List the prime factors of b.
3
Suppose -x - 2*u = -4, -3*x - 6*u + u = -10. Let w = -3 + x. What are the prime factors of 7 + (w + 1)/(-2)?
2
Let d(y) = -y**2 + 13*y - 6. What are the prime factors of d(9)?
2, 3, 5
Let n = 424 + -225. List the prime factors of n.
199
Suppose -12*w - 68 = -13*w. List the prime factors of w.
2, 17
Let q(p) = -4*p - 5. Let u(s) = -2*s - 3. Let t(n) = -3*q(n) + 5*u(n). What are the prime factors of t(5)?
2, 5
Let y(g) = 2*g**2 - 7*g + 10. What are the prime factors of y(3)?
7
What are the prime factors of (-10 + 6)*(-14)/4?
2, 7
Suppose 0 = 8*y - 141 - 267. List the prime factors of y.
3, 17
Suppose -w = 4*n - 38, 0 = 3*w - 6*n + n - 165. What are the prime factors of w?
2, 5
Let d(w) = 9*w**2 + w - 2. Let g be d(-2). Suppose g + 83 = 5*m. What are the prime factors of m?
23
Let r(x) = 2*x**2 - 3*x. Let a be r(2). Suppose -3*h - a*h + 10 = 0. Suppose 0*w + h*w = 36. List the prime factors of w.
2, 3
Suppose 3*j = -41 + 164. What are the prime factors of j?
41
Let n = 80 + -46. What are the prime factors of n?
2, 17
Let u be -4*((-9)/(-6) + -2). Suppose 0 = -u*a + 5 + 1. Suppose 8 = a*z - 13. List the prime factors of z.
7
Suppose 0 = -5*y + 13 + 7. Let z(w) be the first derivative of w**2/2 - 1. List the prime factors of z(y).
2
Suppose 15*v - 185 = 220. List the prime factors of v.
3
Let n = 944 - 577. What are the prime factors of n?
367
Suppose 5*y - 204 = -84. List the prime factors of y.
2, 3
Let q(m) = 9*m - 9. Let f be q(6). Suppose 4*k = f + 3. What are the prime factors of k?
2, 3
Let u be 4/6*(-30)/4. Let t = 6 - u. List the prime factors of t.
11
Let s = 443 + -209. List the prime factors of s.
2, 3, 13
Suppose 3*a = -0*a + 45. Suppose 27 + a = 3*o. Suppose 0 = w + 3 - o. What are the prime factors of w?
11
Let r = -1 - -3. What are the prime factors of ((-30)/4)/(r/(-4))?
3, 5
Let h(g) be the third derivative of g**4/24 + 7*g**3/2 - 8*g**2. What are the prime factors of h(-5)?
2
Let y be 166*3/12*2. Suppose -3*m - 26 + y = 0. Suppose -4*q = -79 + m. List the prime factors of q.
3, 5
Let o(h) = 13*h**2 - 3*h + 3*h + 1 - 2*h - 2. Suppose -5*k - 4 = 1. What are the prime factors of o(k)?
2, 7
Suppose -2*h + 16 = s, s + 38 = 4*s + 4*h. List the prime factors of (5 + 1)/(s/8).
2
Let m = 23 + -28. What are the prime factors of m/((-20)/8) - -1?
3
Let i(d) = d**3 + 0*d - 2*d - 7*d**2 + 3*d. Let h be (-1)/3 + (-88)/(-12). What are the prime factors of i(h)?
7
What are the prime factors of 2*(21 - (4 + -1))?
2, 3
Suppose -16*h + 1755 = -7*h. List the prime factors of h.
3, 5, 13
Let v be (-30)/14 + (-3)/(-21). Let t(i) = -3 + 0 + 3*i**2 - i**3 - 4*i**2 - 2*i. List the prime factors of t(v).
5
Let z(j) = -6*j**3 - 2*j**2 - j. Let h be z(-1). Let i = h - -2. What are the prime factors of i?
7
Let l = -2 - -4. Suppose -2*w - l*w + 68 = 0. What are the prime factors of w?
17
Let z(t) = 3*t**2 + 5*t - 4. What are the prime factors of z(5)?
2, 3
Suppose 5*f = 5*b + 75, -2*b + 20 = 4*f + 2*b. Suppose 2*l - 28 = -3*h, -h - 4*h = -f. Let o = l - 7. List the prime factors of o.
2
Let i be (-1 + 0)/(4/(-28)). Suppose -2*l - 3 = -i. List the prime factors of l.
2
Let c(s) = -5*s - 9. Let d be c(-9). Let n = -18 + d. List the prime factors of n.
2, 3
Let h(v) = v**2. Let a be h(0). Suppose a = -5*y + 30. List the prime factors of y.
2, 3
Let m(w) = 39*w - 40*w + 3*w**2 - 8 - 2*w**2. List the prime factors of m(4).
2
Let a be 5*((-7)/(-5) - 1). Suppose 5*b = 3*z + 24, -b - a = -5*z + 2. Suppose 0 = -3*p + b*p + 2*n - 36, 5*p + n - 60 = 0. What are the prime factors of p?
2, 3
Suppose 28 = 4*t - 0*t. Suppose 0 = 2*u - 3*r + 1, u + 0*u - 19 = -5*r. Let h = u + t. List the prime factors of h.
11
Let f(p) = -6*p. Let k be f(6). Let t = k + 56. List the prime factors of t.
2, 5
Suppose -m + 2*x + 1 - 2 = 0, -3*x - 11 = -4*m. Let t = m + -1. List the prime factors of t.
2
Let f = 24 - -1. Suppose 2*c = f - 1. List the prime factors of c.
2, 3
Let v be (-1)/(-3 + (-6)/(-3)). What are the prime factors of (-7)/(-3)*3 + v?
2
Let w be 4/6 + (-2)/3. Let s = w + 1. What are the prime factors of (-1 + 3)/s - 0?
2
Let k(d) = -d**2 + d - 1. Let u(b) = 16*b**2 + 6*b - 5. Let s(v) = -5*k(v) + u(v). List the prime factors of s(-1).
2, 5
Suppose -3*m = -0*m - 3. What are the prime factors of -1